 34557342581 composite?
True
Is 21984955057 a prime number?
False
Is 4219018691 prime?
True
Is 3299180183 a prime number?
False
Is 25548988111 a composite number?
True
Is 56405544571 prime?
False
Is 178623263561 composite?
False
Is 511133089 prime?
True
Is 1084658363 composite?
False
Is 46433109991 a prime number?
True
Is 227573039 a prime number?
False
Is 59018857669 prime?
True
Is 1729896433 a composite number?
True
Is 4225957157 composite?
False
Is 40945582761 composite?
True
Is 849707188357 a composite number?
False
Is 2303475413 composite?
True
Is 25343291 prime?
True
Is 319768949 prime?
True
Is 5612742617 a prime number?
False
Is 12568790783 a prime number?
False
Is 30940261 composite?
True
Is 1981117657 prime?
True
Is 4788556519 a composite number?
True
Is 37141846649 a composite number?
True
Is 869660917 a prime number?
True
Is 3920590517 prime?
True
Is 256302401 a composite number?
False
Is 9534364471 a composite number?
False
Is 11807170897 a composite number?
False
Is 328526711 composite?
False
Is 151073191 prime?
False
Is 88479861 a composite number?
True
Is 662137447 composite?
False
Is 150479624213 composite?
False
Is 171986531 prime?
True
Is 12377278577 a prime number?
True
Is 4927922621 a prime number?
True
Is 7408764499 a composite number?
False
Is 255302917 a composite number?
False
Is 547039601 composite?
True
Is 23322286067 a composite number?
True
Is 1511940349 a composite number?
False
Is 13391591905 prime?
False
Is 1279304207 composite?
False
Is 448376083 prime?
True
Is 3602176219 prime?
False
Is 29101974713 prime?
False
Is 2275064453 a composite number?
True
Is 11348314399 composite?
False
Is 15006542791 a prime number?
True
Is 310738133 a prime number?
True
Is 134433109147 prime?
False
Is 168678473 prime?
True
Is 146539949 a prime number?
False
Is 4991939899 prime?
True
Is 3824371223 composite?
True
Is 1970496995 a composite number?
True
Is 35175362021 a prime number?
False
Is 370758757 a prime number?
False
Is 2321937991 prime?
True
Is 580315357 a prime number?
False
Is 3371130299 prime?
True
Is 4211197009 composite?
False
Is 1062079279 a composite number?
True
Is 270260909 a composite number?
False
Is 50180015311 prime?
False
Is 1462252282 a composite number?
True
Is 62558773049 a prime number?
True
Is 49324443983 composite?
True
Is 3257319067 prime?
False
Is 1639661873 composite?
True
Is 40811957 prime?
True
Is 5901497333 prime?
False
Is 90723187 prime?
True
Is 238542713 prime?
False
Is 7321392557 composite?
False
Is 6490492835 a prime number?
False
Is 31805549917 prime?
False
Is 5459855441 composite?
False
Is 3588522793 prime?
True
Is 1685172589 composite?
False
Is 1800365087 composite?
True
Is 3273497569 a composite number?
True
Is 11121237209 composite?
False
Is 83427316039 prime?
True
Is 7464178987 a composite number?
False
Is 55713901 prime?
False
Is 10549723451 prime?
True
Is 9740969209 composite?
False
Is 6163929997 composite?
False
Is 300915773 a composite number?
False
Is 415202287 a prime number?
True
Is 32697102241 composite?
False
Is 90668699719 a prime number?
False
Is 22567918533 prime?
False
Is 5390784031 a prime number?
False
Is 47289178081 composite?
True
Is 22118976449 composite?
False
Is 763604285 prime?
False
Is 48856945967 a prime number?
True
Is 1921082651 prime?
True
Is 388361339 composite?
True
Is 12396279619 prime?
True
Is 142825477 composite?
False
Is 25912010093 composite?
False
Is 127655025647 prime?
True
Is 2647333183 a prime number?
False
Is 1158938311 prime?
True
Is 9005185819 a prime number?
False
Is 6555440959 a composite number?
False
Is 7310063183 a prime number?
True
Is 14194624703 prime?
False
Is 65552611961 prime?
False
Is 295234555981 a prime number?
True
Is 3317535523 composite?
True
Is 115716672107 a composite number?
False
Is 3180553421 prime?
True
Is 216641863 a composite number?
True
Is 7639956347 a composite number?
True
Is 8714970791 prime?
True
Is 154610297 a prime number?
False
Is 37343622431 composite?
True
Is 99058886 a prime number?
False
Is 372054233 a composite number?
True
Is 2531078679 a prime number?
False
Is 2055508561 composite?
False
Is 42079676621 a prime number?
True
Is 20620473817 composite?
False
Is 1359421523 prime?
False
Is 8691046211 a prime number?
True
Is 56176064207 a composite number?
True
Is 22902634289 a composite number?
True
Is 32237689 prime?
False
Is 248758283 prime?
True
Is 363699918455 prime?
False
Is 92202007 a composite number?
True
Is 1264067941 composite?
True
Is 108321827 a prime number?
True
Is 69445037 prime?
True
Is 12186943831 a composite number?
False
Is 25812529511 prime?
False
Is 4959322541 composite?
False
Is 1081103039 prime?
True
Is 345111289327 a composite number?
True
Is 17860130209 prime?
True
Is 1786202479 a composite number?
False
Is 2550271091 composite?
False
Is 52442137477 prime?
False
Is 5066232481 composite?
False
Is 216087715 prime?
False
Is 751828711 a composite number?
False
Is 53021901811 prime?
True
Is 1548319741 a prime number?
True
Is 2709512915 prime?
False
Is 35749368653 a prime number?
True
Is 1580871209 a composite number?
False
Is 1045968139 composite?
True
Is 4723220351 a composite number?
False
Is 28029202321 a composite number?
True
Is 9502340039 a prime number?
False
Is 541859303 composite?
False
Is 2706882817 a prime number?
False
Is 160038233399 a composite number?
True
Is 304591031 prime?
False
Is 21487249249 prime?
False
Is 661956671 composite?
True
Is 6452295853 a prime number?
True
Is 69576791 composite?
False
Is 518269909 a prime number?
True
Is 44863161851 a prime number?
False
Is 4283233243 a composite number?
False
Is 118444513867 a composite number?
False
Is 283785011431 a prime number?
True
Is 3633250791 prime?
False
Is 2422934641 a prime number?
True
Is 21488700479 a prime number?
True
Is 31945536773 composite?
False
Is 1775621683 prime?
False
Is 207664769251 a prime number?
True
Is 48692808995 composite?
True
Is 61065077714 a composite number?
True
Is 36540785371 a composite number?
True
Is 3301547911 composite?
False
Is 21366057749 composite?
True
Is 2385478411 a prime number?
False
Is 23119768747 prime?
True
Is 5310167231 a prime number?
True
Is 6190099921 composite?
False
Is 33954648019 prime?
True
Is 20863673503 composite?
False
Is 167374871 prime?
True
Is 18526459363 a prime number?
True
Is 1259155666 composite?
True
Is 72210132283 a composite number?
False
Is 12011611537 prime?
True
Is 12302657533 composite?
True
Is 944783737 a composite number?
False
Is 860119391 a composite number?
False
Is 17163516061 a composite number?
False
Is 9218643989 composite?
False
Is 1675025321 composite?
False
Is 171419459 a composite number?
False
Is 17376429809 composite?
False
Is 607575821 prime?
True
Is 39770535031 a prime number?
False
Is 22764994463 composite?
False
Is 10680532649 prime?
True
Is 3456239387 composite?
False
Is 99856052887 a prime number?
True
Is 1130018803 composite?
False
Is 22979596715 composite?
True
Is 1133617633 prime?
False
Is 179658113917 prime?
True
Is 62389867 prime?
False
Is 648220913 a prime number?
False
Is 115096720391 a prime number?
True
Is 7646474489 a prime number?
False
Is 5259572611 prime?
True
Is 132182975411 a prime number?
True
Is 57644921329 prime?
True
Is 2088554551 prime?
False
Is 53429393 a prime number?
True
Is 884125831 prime?
False
Is 453800647 a prime number?
True
Is 226190123 prime?
True
Is 3553419143 prime?
True
Is 556497881 prime?
False
Is 1881678893 composite?
False
Is 473182057 composite?
True
Is 114860165597 composite?
True
Is 12738815687 a prime number?
False
Is 534062549 prime?
False
Is 357108709 a composite number?
False
Is 22101597289 a prime number?
True
Is 163899689 composite?
False
Is 18313817155 a prime number?
False
Is 59988875497 prime?
True
Is 29026573249 prime?
False
Is 91907399713 composite?
False
Is 10494190901 a composite number?
True
Is 82029356033 a composite number?
False
Is 277120007 prime?
True
Is 168513841681 a prime number?
True
Is 890980264313 composite?
False
Is 26020923763 a composite number?
True
Is 224178341 a composite number?
False
Is 579288557 composite?
True
Is 5139445807 composite?
False
Is 2876385479 a composite number?
True
Is 267537947 prime?
True
Is 5893910089 composite?
True
Is 75399067817 prime?
True